digit of s?
0
Let o be (-44)/16 - (-1)/(-4). Let t = 7 + o. Suppose 0 = 4*h + t*d - 20, 3 = -3*h + 3*d - 0*d. What is the units digit of h?
2
Let d(a) be the third derivative of a**6/120 - a**5/20 - a**4/6 + a**2. Let z be d(4). Let f = 5 + z. What is the units digit of f?
5
Suppose -6*k - 30 = -216. What is the tens digit of k?
3
Let t = 0 - -3. Suppose 15 = -t*h, 0 = -4*v + 2*h - 0*h + 70. What is the units digit of (-18)/(-15)*v/6?
3
Let t be 1/((-2)/(-10))*-1. Let m = t - -6. What is the units digit of m?
1
Suppose 2*x + 12 = 2*l, -2*l - 3 = -x + 2*x. What is the units digit of 689/52 - l/4?
3
Suppose 0 = -3*w + o + 925, 0 = o + 3*o + 16. What is the tens digit of w?
0
Suppose 0*s = s. Suppose s = -4*b - 44 + 264. Suppose -g = -6*g + b. What is the units digit of g?
1
What is the tens digit of 2*1 + 108/6?
2
Suppose -2*b - 296 = -6*b. What is the tens digit of b?
7
Let u be 2*(-3 + 261/6). Suppose 0 = -4*z + 29 - 5. Suppose u - z = 5*p. What is the tens digit of p?
1
Suppose -64*t - 468 = -66*t. What is the tens digit of t?
3
Let x(u) be the third derivative of u**4/8 - 3*u**3/2 - 2*u**2. Suppose -w + 18 = 3*a, -3*w + 6*a = 2*a - 15. What is the units digit of x(w)?
8
Let h be ((-3)/3 - 1)/(-2). What is the units digit of 2/h - 0/2?
2
Let d be (1 + -3)*4/4. Let h(s) = -14*s - 3. What is the units digit of h(d)?
5
Let a = -6 - -9. Suppose 2*r + a*x - 22 = 0, 4*r + 2*x - 16 = 20. What is the units digit of r?
8
Let m(i) = 0*i**2 + 2*i**2 + 3*i - 2 - 1. Let f(z) = z**2 - 5*z - 3. Let c be f(5). What is the units digit of m(c)?
6
Suppose 2*a + 4 - 8 = 0. Suppose f - a = 2*f. What is the tens digit of (-3)/6 + (-25)/f?
1
Let y(a) = a**2 + 2*a + 2. Let t be y(-1). Let w = t - -8. What is the units digit of w?
9
Suppose -3*u - 5*z + 125 - 43 = 0, 2*u = 5*z + 13. Let i = u + 1. What is the units digit of i?
0
Let g(n) = 2*n**2 - 4*n + 3. Let v be g(2). Suppose -2*s + 62 = v*r, 3*s - 12 = 5*r + 43. What is the units digit of s?
5
Let j = -120 - -240. What is the hundreds digit of j?
1
Let d(b) be the first derivative of 2*b**3/3 + b**2 + 5*b + 1. Let r be d(-5). What is the tens digit of 57/5 + 27/r?
1
Suppose u - 22 = -0*u. Suppose -u = -5*s + 43. What is the units digit of s?
3
Suppose 0 = -6*u + 146 - 410. What is the units digit of 2/(-3) + u/(-3)?
4
Suppose -2*y + 40 = -5*j, -5*y + 0*y - 8 = j. Let g = 13 - 28. Let c = j - g. What is the units digit of c?
7
Let r be -5 - 1 - (2 + 0). Let c = r + 14. What is the units digit of c?
6
Suppose 0 = 4*v - 3*w - 642, -5*v + 301 + 504 = -5*w. What is the units digit of v?
9
Suppose 2*i + 3*b = -15, 0*i + 4*i + b + 35 = 0. Let p = 18 + i. What is the units digit of p?
9
Suppose -3*m + 2*b + 2 = -m, b + 13 = -5*m. What is the units digit of m/6 - 7/(-3)?
2
Let c(r) be the first derivative of r**2/2 + 5*r - 2. Let n be (8/(-10))/(2/(-10)). What is the units digit of c(n)?
9
Let h(a) = a**2 - 6*a + 6. Let t be h(5). What is the units digit of 7 + 0/(-1 - t)?
7
Suppose 0 = j - 3*h + 7, -5*h = 2*j - 0*h - 30. Suppose -5*u + 91 = -p, 4*u + 67 = 8*u + j*p. What is the units digit of u?
8
Let k be ((-6)/5)/((-5)/25). Suppose 0 = 4*s + 16, -i - 2*s - s = -k. What is the units digit of i?
8
Let f be (8/12)/(4/(-6)). What is the units digit of 3 + (0 + -1)*f?
4
Let o = -10 + 4. Let y = 6 + o. What is the tens digit of (-3 + y - -2) + 14?
1
Let y(b) = -3*b**3 - 3*b**2 - 5*b - 5. What is the tens digit of y(-2)?
1
Let s(k) = -16*k + 10. What is the units digit of s(-6)?
6
Suppose -3*i - 9 = -j, -3*j + 2*i = -6*j + 5. Let s be -8 - ((-27)/3)/j. What is the units digit of 1*2*s/(-2)?
5
Let u = 43 + 28. What is the tens digit of u?
7
Suppose -c = -4*c + 3*i + 3, 0 = i - 4. Suppose t + 2*z = -c + 15, -3*t + 39 = -3*z. What is the units digit of t?
2
Suppose -80 = 2*m + 3*m. Let u = m - -29. What is the units digit of u?
3
Let x = 2 + 28. What is the tens digit of x?
3
What is the units digit of (-71)/(((-6)/12)/1)?
2
Let k(b) = -57*b**3 - 1 + 2 + 77*b**3. What is the tens digit of k(1)?
2
Suppose 5*l = 15, 3*a - 330 = l + l. What is the units digit of a?
2
Let c(x) = -x**3 + 5*x**2 + 2. Let n be c(5). Suppose -n*u = -3*u. Suppose 7*m - 3*m - 3 = -g, -2*g + 2*m + 26 = u. What is the tens digit of g?
1
Let c(u) = -u**3 + 2*u**2 + 2*u - 1. Let k be c(2). Let x(z) = -2*z - 2. Let s be x(-4). Suppose -p - k*w + s = -0*p, -3*w = 0. What is the units digit of p?
6
Let z(p) = 2*p - 1. Let b be z(4). Let h = 12 - b. What is the units digit of h?
5
Let l(o) = 3*o - 8. Suppose 0*n = n - 8. What is the units digit of l(n)?
6
Suppose -5 + 1 = -h. Let t(z) = 2*z - 3. Let n be t(h). Suppose -4*i = -0*r + 2*r + 6, n*r + 4*i + 3 = 0. What is the units digit of r?
1
Suppose s - 4 = i, 4 - 15 = -2*s + 5*i. Suppose -x - 18 = -s*x. What is the units digit of x?
9
What is the units digit of 425/15 + 1/(-3)?
8
Let d(w) = -3*w + 1. Let j be d(-2). Let k be (3/(-4))/(6/(-24)). Let o = j - k. What is the units digit of o?
4
Let x(y) = 3*y - 8. Let f be x(8). Let c be 8/12 - 172/(-3). Suppose 2*g = -2*g + f, 5*o - c = -2*g. What is the tens digit of o?
1
Let v(q) = -2*q - 8. Let f be v(-6). Suppose -25 = -f*u - u. What is the units digit of u?
5
What is the units digit of (338/39)/((-2)/(-15))?
5
Let x = -18 - -61. What is the units digit of x?
3
Let g = -450 + 824. What is the units digit of g?
4
Let n = -91 - -207. What is the tens digit of n?
1
Let o(d) = -d**2 - 5*d + 8. Let h be o(-7). Let u(l) = -l**2 - 6*l. Let s be u(h). What is the units digit of (-8 - s)/(-3 - -2)?
8
Let c = 2 - 15. What is the tens digit of (c + -1)/(4/(-6))?
2
Let n = 15 - 12. What is the units digit of n?
3
Let d be 12 - (-2)/(-2) - 1. Let k = -3 + d. What is the units digit of k?
7
Let y = -1 + 4. Suppose t - y*t = 0. Suppose t = k + 3*k - 4. What is the units digit of k?
1
Let z(q) = 6*q**2 + 81*q - 71. Let v(o) = o**2 + 16*o - 14. Let d(n) = 11*v(n) - 2*z(n). What is the tens digit of d(8)?
3
Let t be 44/7 - (-4)/(-14). Let w(q) = -q**3 - q - 3. Let h be w(0). Let x = h + t. What is the units digit of x?
3
Let o(d) = -d**3 + 9*d**2 - 9*d + 3. Let i be o(8). Let j(x) = -x**2 - 5*x + 6. What is the units digit of j(i)?
6
Let j = 169 - 128. What is the units digit of j?
1
Let b(w) = w - 5. Let h be 7 - 2/(3 + -1). What is the units digit of b(h)?
1
Suppose -m - 400 = -6*m - l, -5*l - 349 = -4*m. What is the units digit of m?
1
Let i = 127 - -20. What is the units digit of i?
7
What is the units digit of (-10)/(1*(-6)/57)?
5
Suppose 1200 = -17*n + 22*n. What is the units digit of n?
0
Suppose -2*w + 1 = 3*d, -3*w = -0*d - 4*d - 27. Let x = 16 + w. What is the units digit of x?
1
Suppose -5*c = -80 + 20. Let p be (-16)/c + (-2)/(-6). What is the units digit of (-40 - p)*1/(-3)?
3
Let v be (-1)/2*42/(-3). Suppose -3*h + 3*p + 36 = 0, h + 3*p - 5*p = v. What is the units digit of h?
7
Let j(v) be the first derivative of v**5/24 + v**4/24 + v**3 + 2. Let s(i) be the third derivative of j(i). What is the tens digit of s(2)?
1
Suppose 6 = 4*d - 2. Suppose d*s - 45 = -t, 3*t - 2*s + 0*s = 127. What is the units digit of t?
3
Suppose -3 = -4*f - 3*l - 0, -2*f - 5*l = 9. Suppose 0 = -3*r + f*z + 48, 3*z - 16 = -r - z. What is the units digit of (-2)/(-8) - (-188)/r?
2
What is the units digit of 7/((-42)/(-9)) - (-13)/2?
8
Let t(p) = p**2 + p. Suppose -n + 2*h - 20 = 4*n, -3*h + 11 = 2*n. Let l be t(n). Suppose 0*o = -o + l. What is the units digit of o?
2
Let u(w) = w**3 + 11*w**2 + 4. Let x be u(-11). Suppose -16 - 28 = -x*o. What is the tens digit of o?
1
Let d(v) = 5*v - 4. Let t be d(9). Suppose 0 = 3*a + t + 4. Let p = a - -28. What is the tens digit of p?
1
Suppose p = -2*p - 3*c + 594, 3*c - 1000 = -5*p. What is the hundreds digit of p?
2
Let o = -75 - -155. What is the tens digit of o?
8
Let t = 21 - 14. Suppose 6*s = t*s - 19. What is the tens digit of s?
1
Let q(r) = -r**3 - 6*r**2 + r + 8. Let z be q(-6). Let p be (0 - z - 5) + -2. Let i = 14 + p. What is the units digit of i?
5
Let u(a) = -2*a**3 - a - 1. Let m be u(-1). Suppose -2 = -m*n - 2*q, -3*n + 8*n - 5*q - 45 = 0. Suppose n*l + 38 = 7*l. What is the tens digit of l?
1
Let h be 3/(3/3) - 0. Suppose -h*g + 111 = 4*i - 0*i, -58 = -2*i - 4*g. Suppose 4*u + 11 = i. What is the units digit of u?
4
What is th